{"id":61,"date":"2015-07-12T03:20:09","date_gmt":"2015-07-12T01:20:09","guid":{"rendered":"http:\/\/127.0.0.1\/serveur\/?page_id=61"},"modified":"2020-09-06T02:44:32","modified_gmt":"2020-09-06T00:44:32","slug":"un-lieu-de-cohesion-sociale","status":"publish","type":"page","link":"https:\/\/www.batir-la-paix.fr\/index.php\/presentation-maisons-de-la-paix\/un-lieu-de-cohesion-sociale\/","title":{"rendered":"Un lieu de rassemblement"},"content":{"rendered":"\n<p>Lieu de rencontre et de rassemblement, les Maisons de la Paix visent \u00e0 f\u00e9d\u00e9rer les individus autour&nbsp;d\u2019un mod\u00e8le de soci\u00e9t\u00e9 bas\u00e9 sur la tol\u00e9rance, le respect et le dialogue.<br>En promouvant ces valeurs d&rsquo;ouverture aux autres, il s&rsquo;agit de lutter&nbsp;contre toutes formes de communautarisme et de sectarisme et donc de&nbsp;favoriser la coh\u00e9sion sociale. En renfor\u00e7ant le sentiment d&rsquo;unit\u00e9 nationale, en&nbsp;incitant au civisme et \u00e0 la citoyennet\u00e9,&nbsp;il s&rsquo;agit de&nbsp;d\u00e9mocratiser&nbsp;l\u2019id\u00e9e qu\u2019int\u00e9grer la soci\u00e9t\u00e9 repr\u00e9sente le moyen le plus efficace&nbsp;de l\u2019am\u00e9liorer ou de la faire \u00e9voluer.&nbsp;Ces valeurs&nbsp;apportent, en outre, un engrais<strong>&nbsp;<\/strong>essentiel&nbsp;au&nbsp;terreau int\u00e9grateur de la soci\u00e9t\u00e9, car l&rsquo;int\u00e9gration compl\u00e8te d&rsquo;un individu d\u00e9pend&nbsp;de la r\u00e9union de deux facteurs :<\/p>\n\n\n\n<ul><li>la d\u00e9marche et la volont\u00e9&nbsp;individuelle de s&rsquo;ins\u00e9rer et s&rsquo;adapter \u00e0 un milieu,<\/li><li>la capacit\u00e9 de la soci\u00e9t\u00e9 elle-m\u00eame \u00e0 savoir int\u00e9grer&nbsp;les individus&nbsp;dans&nbsp;le respect des diff\u00e9rences et des particularit\u00e9s de chacun.<\/li><\/ul>\n\n\n\n<p>Il s&rsquo;agit donc, \u00e0 travers un ensemble de dispositifs, de proposer des rencontres inter-culturelles, politiques, religieuses et g\u00e9n\u00e9rationnelles dans le but de faire \u00e9clore un dialogue durable et constructif ayant valeur de mod\u00e8le pour\u00a0une soci\u00e9t\u00e9 comme la n\u00f4tre, vou\u00e9e \u00e0 la mixit\u00e9 sociale et au m\u00e9lange des cultures. Mais il s&rsquo;agit\u00a0aussi d&rsquo;aller \u00e0 la rencontre des individus en proposant des actions publiques \u00ab\u00a0hors les murs\u00a0\u00bb \u00e0 m\u00eame de f\u00e9d\u00e9rer et faire na\u00eetre ou renforcer le sentiment d&rsquo;appartenance \u00e0 la soci\u00e9t\u00e9.<\/p>\n\n\n\n<hr class=\"wp-block-separator\"\/>\n\n\n\n<h2><strong>Objectifs<\/strong><\/h2>\n\n\n\n<blockquote><ul>\n<li>Favoriser la coh\u00e9sion et l&rsquo;harmonie sociale\n<ul>\n<li>F\u00e9d\u00e9rer&nbsp;et solidariser les&nbsp;individus autour&nbsp;de valeurs de tol\u00e9rance, de respect et de dialogue<\/li>\n<li>Susciter le sentiment d&rsquo;appartenance \u00e0 la soci\u00e9t\u00e9<\/li>\n<li>Inciter au civisme et \u00e0 la citoyennet\u00e9<\/li>\n<li>Favoriser l&rsquo;int\u00e9gration des individus par la soci\u00e9t\u00e9 elle-m\u00eame<\/li>\n<li>Lutter contre l&rsquo;exclusion et l&rsquo;isolement<\/li>\n<\/ul>\n<\/li>\n<li>Instaurer des dynamiques de dialogues et d&rsquo;\u00e9changes\n<ul>\n<li>inter-politiques<\/li>\n<li>inter-culturels et religieux<\/li>\n<li>inter-g\u00e9n\u00e9rationnels<\/li>\n<\/ul>\n<\/li>\n<li>Favoriser et soutenir les initiatives locales<\/li>\n<\/ul><\/blockquote>\n\n\n\n<hr class=\"wp-block-separator\"\/>\n\n\n\n<h1>\u00a0<strong>Moyens<\/strong><\/h1>\n\n\n\n<blockquote class=\"moyens\"><ul>\n<li>Un lieu d&rsquo;accueil, convivial,&nbsp;ouvert \u00e0 tous et con\u00e7u pour favoriser le dialogue et l\u2019ouverture aux autres<\/li>\n<li>Une salle polyvalente permettant la mise en place de dispositifs&nbsp;tels que&nbsp;:\n<ul>\n<li>conf\u00e9rences<\/li>\n<li>d\u00e9bats<\/li>\n<li>rencontres et t\u00e9moignages<\/li>\n<li>\u00e9v\u00e9nements ponctuels<\/li>\n<li>manifestations diverses&#8230;<\/li>\n<\/ul>\n<\/li>\n<li>Une salle d&rsquo;ateliers permettant des \u00e9changes concrets de savoir-faire inter-culturels ou g\u00e9n\u00e9rationnels<\/li>\n<li>Cr\u00e9ation d&rsquo;un programme&nbsp;\u00ab\u00a0hors les murs\u00a0\u00bb d&rsquo;actions \u00e0 port\u00e9e collective<\/li>\n<li>Un service permettant de relayer toutes actions ou \u00e9v\u00e9nements favorisant, in fine, la coh\u00e9sion sociale<\/li>\n<\/ul><\/blockquote>\n\n\n\n<hr class=\"wp-block-separator\"\/>\n\n\n\n<h4><strong>Une salle\u00a0polyvalente\u00a0et une salle d&rsquo;atelier<\/strong><\/h4>\n\n\n\n<p>Dans le cadre du lieu de rassemblement, la salle polyvalente permet d&rsquo;organiser des d\u00e9bats, des rencontres, des \u00e9v\u00e9nements ponctuels, etc. Autant d&rsquo;actions favorisant le dialogue, l&rsquo;ouverture aux autres et l&rsquo;implication dans la vie citoyenne. La salle polyvalente peut aussi \u00eatre mise \u00e0 disposition d&rsquo;associations ou de groupements informels&nbsp;en manque&nbsp;d&rsquo;un local pour se r\u00e9unir ou pratiquer une activit\u00e9.<br>La salle d&rsquo;ateliers&nbsp;est destin\u00e9e \u00e0 accueillir des ateliers <em>pratiques&nbsp;<\/em>ou de <em>d\u00e9couverte<\/em>,&nbsp;initi\u00e9s par les membres du personnel encadrant, des b\u00e9n\u00e9voles ou des intervenants ext\u00e9rieurs sp\u00e9cifiques.<\/p>\n\n\n\n<ul><li>Les ateliers pratiques proposent&nbsp;l\u2019apprentissage de comp\u00e9tences usuelles, telles que : le bricolage, la cuisine, le jardinage, la d\u00e9coration, la confection, la couture, etc.&nbsp;Il s\u2019agit aussi de proposer des formations&nbsp;\u00e0 l\u2019utilisation d\u2019outils&nbsp;du quotidien dont la m\u00e9connaissance constitue un frein \u00e0 l\u2019int\u00e9gration (nouvelles technologies\u2026).<\/li><li>Les ateliers de d\u00e9couvertes permettent, quant \u00e0 eux, de s\u2019initier&nbsp;\u00e0 des savoir-faire artisanaux ou artistiques&nbsp;aussi divers que peuvent l\u2019\u00eatre les m\u00e9tiers de l\u2019artisanat : travail du bois, du m\u00e9tal, de la terre, du cuir, du verre, du textile, etc.<\/li><\/ul>\n\n\n\n<p>Au-del\u00e0 de l\u2019apport b\u00e9n\u00e9fique&nbsp;propre&nbsp;\u00e0&nbsp;ces deux types d\u2019ateliers, il faut souligner les effets b\u00e9n\u00e9fiques du partage du savoir, et du savoir-faire, mais surtout du <strong>dialogue interg\u00e9n\u00e9rationnel<\/strong> qui se vit particuli\u00e8rement lors de ces activit\u00e9s.<\/p>\n\n\n\n<h4><strong>Un programme&nbsp;\u00ab\u00a0hors les murs\u00a0\u00bb d&rsquo;actions \u00e0 port\u00e9e collective<\/strong><\/h4>\n\n\n\n<p>Agir pour le rassemblement, c&rsquo;est aussi agir contre l&rsquo;exclusion&nbsp;et&nbsp;l&rsquo;isolement. Pour atteindre cet objectif, les Maisons de la Paix veulent proposer un programme \u00ab\u00a0hors les murs\u00a0\u00bb d&rsquo;actions \u00e0 port\u00e9e collective. Il s&rsquo;agit, \u00e0 travers l&rsquo;organisation de manifestations publiques hors des Maisons de la Paix, d&rsquo;aller au devant des individus pour les inclure dans une m\u00e9canique de rassemblement social. Ce programme est aussi, et par d\u00e9finition, un&nbsp;moyen&nbsp;de v\u00e9hiculer les valeurs port\u00e9es par les Maisons de la Paix hors des murs de la maison elle-m\u00eame.<br>Ces actions peuvent \u00eatre de diff\u00e9rentes natures mais&nbsp;partagent un but commun : faire se c\u00f4toyer&nbsp;et&nbsp;se rencontrer&nbsp;les personnes dans un contexte&nbsp;normalisant un mod\u00e8le de soci\u00e9t\u00e9 bas\u00e9 sur la paix et dans lequel chacun a une place l\u00e9gitime et valoris\u00e9e.<\/p>\n\n\n\n<ul><li>Organisation de concerts ou de spectacles<\/li><li>Organisation de repas de quartier<\/li><li>Organisation d&rsquo;\u00e9v\u00e9nements sportifs<\/li><li>Organisation de journ\u00e9es citoyennes<\/li><li>Cr\u00e9ation de lettres d&rsquo;informations locales<\/li><li>Etc.<\/li><\/ul>\n\n\n\n<h4><strong>Un service de soutien et de promotion&nbsp;d\u2019\u00e9v\u00e9nements&nbsp;et d&rsquo;initiatives locales<\/strong><\/h4>\n\n\n\n<p>Les Maisons de la Paix proposent d&rsquo;offrir un service de soutien et de promotion&nbsp;\u00e0 tout individu ou groupement d&rsquo;individus porteur d&rsquo;un projet \u00e0 port\u00e9e collective et publique. A&nbsp;travers ce service, Il s&rsquo;agit d&rsquo;encourager et faciliter la cr\u00e9ation de projets et de les faire&nbsp;b\u00e9n\u00e9ficier du r\u00e9seau de communication des Maisons de la Paix pour en assurer la promotion. Ce soutien peut intervenir d\u00e8s la phase de conception du projet et s&rsquo;\u00e9tendre jusqu&rsquo;\u00e0 une aide logistique et mat\u00e9rielle.<\/p>\n\n\n\n<h2>&nbsp;<\/h2>\n","protected":false},"excerpt":{"rendered":"<p>Lieu de rencontre et de rassemblement, les Maisons de la Paix visent \u00e0 f\u00e9d\u00e9rer les individus autour&nbsp;d\u2019un mod\u00e8le de soci\u00e9t\u00e9 bas\u00e9 sur la tol\u00e9rance, le respect et le dialogue.En promouvant ces valeurs d&rsquo;ouverture aux autres, il s&rsquo;agit de lutter&nbsp;contre toutes formes de communautarisme et de sectarisme et donc de&nbsp;favoriser la coh\u00e9sion sociale. En renfor\u00e7ant le sentiment d&rsquo;unit\u00e9 nationale, en&nbsp;incitant au &hellip; <\/p>\n","protected":false},"author":1,"featured_media":0,"parent":263,"menu_order":0,"comment_status":"closed","ping_status":"closed","template":"","meta":{"ub_ctt_via":""},"featured_image_src":null,"uagb_featured_image_src":{"full":false,"thumbnail":false,"medium":false,"medium_large":false,"large":false,"1536x1536":false,"2048x2048":false,"ub-block-post-grid-landscape":false,"charity-care-donation-post":false,"charity-care-give":false,"benevolent-slider":false,"benevolent-community":false,"benevolent-blog":false,"benevolent-with-sidebar":false,"benevolent-without-sidebar":false,"benevolent-featured-post":false,"benevolent-recent-post":false,"benevolent-schema":false},"uagb_author_info":{"display_name":"B\u00e2tir la Paix","author_link":"https:\/\/www.batir-la-paix.fr\/index.php\/author\/admin6005\/"},"uagb_comment_info":0,"uagb_excerpt":"Lieu de rencontre et de rassemblement, les Maisons de la Paix visent \u00e0 f\u00e9d\u00e9rer les individus autour&nbsp;d\u2019un mod\u00e8le de soci\u00e9t\u00e9 bas\u00e9 sur la tol\u00e9rance, le respect et le dialogue.En promouvant ces valeurs d&rsquo;ouverture aux autres, il s&rsquo;agit de lutter&nbsp;contre toutes formes de communautarisme et de sectarisme et donc de&nbsp;favoriser la coh\u00e9sion sociale. En renfor\u00e7ant le\u2026","_links":{"self":[{"href":"https:\/\/www.batir-la-paix.fr\/index.php\/wp-json\/wp\/v2\/pages\/61"}],"collection":[{"href":"https:\/\/www.batir-la-paix.fr\/index.php\/wp-json\/wp\/v2\/pages"}],"about":[{"href":"https:\/\/www.batir-la-paix.fr\/index.php\/wp-json\/wp\/v2\/types\/page"}],"author":[{"embeddable":true,"href":"https:\/\/www.batir-la-paix.fr\/index.php\/wp-json\/wp\/v2\/users\/1"}],"replies":[{"embeddable":true,"href":"https:\/\/www.batir-la-paix.fr\/index.php\/wp-json\/wp\/v2\/comments?post=61"}],"version-history":[{"count":1,"href":"https:\/\/www.batir-la-paix.fr\/index.php\/wp-json\/wp\/v2\/pages\/61\/revisions"}],"predecessor-version":[{"id":1853,"href":"https:\/\/www.batir-la-paix.fr\/index.php\/wp-json\/wp\/v2\/pages\/61\/revisions\/1853"}],"up":[{"embeddable":true,"href":"https:\/\/www.batir-la-paix.fr\/index.php\/wp-json\/wp\/v2\/pages\/263"}],"wp:attachment":[{"href":"https:\/\/www.batir-la-paix.fr\/index.php\/wp-json\/wp\/v2\/media?parent=61"}],"curies":[{"name":"wp","href":"https:\/\/api.w.org\/{rel}","templated":true}]}}

<p>Lieu de rencontre et de rassemblement, les Maisons de la Paix visent à fédérer les individus autour&nbsp;d’un modèle de société basé sur la tolérance, le respect et le dialogue.<br>En promouvant ces valeurs d&rsquo;ouverture aux autres, il s&rsquo;agit de lutter&nbsp;contre toutes formes de communautarisme et de sectarisme et donc de&nbsp;favoriser la cohésion sociale. En renforçant le sentiment d&rsquo;unité nationale, en&nbsp;incitant au civisme et à la citoyenneté,&nbsp;il s&rsquo;agit de&nbsp;démocratiser&nbsp;l’idée qu’intégrer la société représente le moyen le plus efficace&nbsp;de l’améliorer ou de la faire évoluer.&nbsp;Ces valeurs&nbsp;apportent, en outre, un engrais<strong>&nbsp;</strong>essentiel&nbsp;au&nbsp;terreau intégrateur de la société, car l&rsquo;intégration complète d&rsquo;un individu dépend&nbsp;de la réunion de deux facteurs :</p>



<ul><li>la démarche et la volonté&nbsp;individuelle de s&rsquo;insérer et s&rsquo;adapter à un milieu,</li><li>la capacité de la société elle-même à savoir intégrer&nbsp;les individus&nbsp;dans&nbsp;le respect des différences et des particularités de chacun.</li></ul>



<p>Il s&rsquo;agit donc, à travers un ensemble de dispositifs, de proposer des rencontres inter-culturelles, politiques, religieuses et générationnelles dans le but de faire éclore un dialogue durable et constructif ayant valeur de modèle pour une société comme la nôtre, vouée à la mixité sociale et au mélange des cultures. Mais il s&rsquo;agit aussi d&rsquo;aller à la rencontre des individus en proposant des actions publiques « hors les murs » à même de fédérer et faire naître ou renforcer le sentiment d&rsquo;appartenance à la société.</p>



<hr class="wp-block-separator"/>



<h2><strong>Objectifs</strong></h2>



<blockquote><ul>
<li>Favoriser la cohésion et l&rsquo;harmonie sociale
<ul>
<li>Fédérer&nbsp;et solidariser les&nbsp;individus autour&nbsp;de valeurs de tolérance, de respect et de dialogue</li>
<li>Susciter le sentiment d&rsquo;appartenance à la société</li>
<li>Inciter au civisme et à la citoyenneté</li>
<li>Favoriser l&rsquo;intégration des individus par la société elle-même</li>
<li>Lutter contre l&rsquo;exclusion et l&rsquo;isolement</li>
</ul>
</li>
<li>Instaurer des dynamiques de dialogues et d&rsquo;échanges
<ul>
<li>inter-politiques</li>
<li>inter-culturels et religieux</li>
<li>inter-générationnels</li>
</ul>
</li>
<li>Favoriser et soutenir les initiatives locales</li>
</ul></blockquote>



<hr class="wp-block-separator"/>



<h1> <strong>Moyens</strong></h1>



<blockquote class="moyens"><ul>
<li>Un lieu d&rsquo;accueil, convivial,&nbsp;ouvert à tous et conçu pour favoriser le dialogue et l’ouverture aux autres</li>
<li>Une salle polyvalente permettant la mise en place de dispositifs&nbsp;tels que&nbsp;:
<ul>
<li>conférences</li>
<li>débats</li>
<li>rencontres et témoignages</li>
<li>événements ponctuels</li>
<li>manifestations diverses&#8230;</li>
</ul>
</li>
<li>Une salle d&rsquo;ateliers permettant des échanges concrets de savoir-faire inter-culturels ou générationnels</li>
<li>Création d&rsquo;un programme&nbsp;« hors les murs » d&rsquo;actions à portée collective</li>
<li>Un service permettant de relayer toutes actions ou événements favorisant, in fine, la cohésion sociale</li>
</ul></blockquote>



<hr class="wp-block-separator"/>



<h4><strong>Une salle polyvalente et une salle d&rsquo;atelier</strong></h4>



<p>Dans le cadre du lieu de rassemblement, la salle polyvalente permet d&rsquo;organiser des débats, des rencontres, des événements ponctuels, etc. Autant d&rsquo;actions favorisant le dialogue, l&rsquo;ouverture aux autres et l&rsquo;implication dans la vie citoyenne. La salle polyvalente peut aussi être mise à disposition d&rsquo;associations ou de groupements informels&nbsp;en manque&nbsp;d&rsquo;un local pour se réunir ou pratiquer une activité.<br>La salle d&rsquo;ateliers&nbsp;est destinée à accueillir des ateliers <em>pratiques&nbsp;</em>ou de <em>découverte</em>,&nbsp;initiés par les membres du personnel encadrant, des bénévoles ou des intervenants extérieurs spécifiques.</p>



<ul><li>Les ateliers pratiques proposent&nbsp;l’apprentissage de compétences usuelles, telles que : le bricolage, la cuisine, le jardinage, la décoration, la confection, la couture, etc.&nbsp;Il s’agit aussi de proposer des formations&nbsp;à l’utilisation d’outils&nbsp;du quotidien dont la méconnaissance constitue un frein à l’intégration (nouvelles technologies…).</li><li>Les ateliers de découvertes permettent, quant à eux, de s’initier&nbsp;à des savoir-faire artisanaux ou artistiques&nbsp;aussi divers que peuvent l’être les métiers de l’artisanat : travail du bois, du métal, de la terre, du cuir, du verre, du textile, etc.</li></ul>



<p>Au-delà de l’apport bénéfique&nbsp;propre&nbsp;à&nbsp;ces deux types d’ateliers, il faut souligner les effets bénéfiques du partage du savoir, et du savoir-faire, mais surtout du <strong>dialogue intergénérationnel</strong> qui se vit particulièrement lors de ces activités.</p>



<h4><strong>Un programme&nbsp;« hors les murs » d&rsquo;actions à portée collective</strong></h4>



<p>Agir pour le rassemblement, c&rsquo;est aussi agir contre l&rsquo;exclusion&nbsp;et&nbsp;l&rsquo;isolement. Pour atteindre cet objectif, les Maisons de la Paix veulent proposer un programme « hors les murs » d&rsquo;actions à portée collective. Il s&rsquo;agit, à travers l&rsquo;organisation de manifestations publiques hors des Maisons de la Paix, d&rsquo;aller au devant des individus pour les inclure dans une mécanique de rassemblement social. Ce programme est aussi, et par définition, un&nbsp;moyen&nbsp;de véhiculer les valeurs portées par les Maisons de la Paix hors des murs de la maison elle-même.<br>Ces actions peuvent être de différentes natures mais&nbsp;partagent un but commun : faire se côtoyer&nbsp;et&nbsp;se rencontrer&nbsp;les personnes dans un contexte&nbsp;normalisant un modèle de société basé sur la paix et dans lequel chacun a une place légitime et valorisée.</p>



<ul><li>Organisation de concerts ou de spectacles</li><li>Organisation de repas de quartier</li><li>Organisation d&rsquo;événements sportifs</li><li>Organisation de journées citoyennes</li><li>Création de lettres d&rsquo;informations locales</li><li>Etc.</li></ul>



<h4><strong>Un service de soutien et de promotion&nbsp;d’événements&nbsp;et d&rsquo;initiatives locales</strong></h4>



<p>Les Maisons de la Paix proposent d&rsquo;offrir un service de soutien et de promotion&nbsp;à tout individu ou groupement d&rsquo;individus porteur d&rsquo;un projet à portée collective et publique. A&nbsp;travers ce service, Il s&rsquo;agit d&rsquo;encourager et faciliter la création de projets et de les faire&nbsp;bénéficier du réseau de communication des Maisons de la Paix pour en assurer la promotion. Ce soutien peut intervenir dès la phase de conception du projet et s&rsquo;étendre jusqu&rsquo;à une aide logistique et matérielle.</p>



<h2>&nbsp;</h2>

<p>Lieu de rencontre et de rassemblement, les Maisons de la Paix visent à fédérer les individus autour&nbsp;d’un modèle de société basé sur la tolérance, le respect et le dialogue.En promouvant ces valeurs d&rsquo;ouverture aux autres, il s&rsquo;agit de lutter&nbsp;contre toutes formes de communautarisme et de sectarisme et donc de&nbsp;favoriser la cohésion sociale. En renforçant le sentiment d&rsquo;unité nationale, en&nbsp;incitant au &hellip; </p>

Bâtir la Paix

Lieu de rencontre et de rassemblement, les Maisons de la Paix visent à fédérer les individus autour&nbsp;d’un modèle de société basé sur la tolérance, le respect et le dialogue.En promouvant ces valeurs d&rsquo;ouverture aux autres, il s&rsquo;agit de lutter&nbsp;contre toutes formes de communautarisme et de sectarisme et donc de&nbsp;favoriser la cohésion sociale. En renforçant le…
