{"id":1349,"date":"2020-07-21T01:59:54","date_gmt":"2020-07-20T23:59:54","guid":{"rendered":"https:\/\/maisonsdelapaix.fr\/fr\/?page_id=1349"},"modified":"2020-11-14T19:31:43","modified_gmt":"2020-11-14T18:31:43","slug":"soutenir-association","status":"publish","type":"page","link":"https:\/\/www.batir-la-paix.fr\/index.php\/un-reseau-pour-la-paix\/soutenir-association\/","title":{"rendered":"Soutenir l&#039;association"},"content":{"rendered":"\n<p><strong>Plusieurs&nbsp;voies&nbsp;s&rsquo;offrent&nbsp;\u00e0&nbsp;vous&nbsp;pour soutenir l&rsquo;association&nbsp;B\u00e2tir&nbsp;la&nbsp;Paix et&nbsp;contribuer&nbsp;\u00e0 son d\u00e9veloppement.<\/strong><\/p>\n\n\n<div class=\"wp-block-ub-content-toggle wp-block-ub-content-toggle-block\" id=\"ub-content-toggle-d4ef552c-42f8-4269-9b68-50cbea313b51\" data-showonlyone=\"true\">\n<div class=\"wp-block-ub-content-toggle-accordion wp-block-ub-content-toggle-panel-block\">\n                <div class=\"wp-block-ub-content-toggle-accordion-title-wrap\">\n                    <p class=\"wp-block-ub-content-toggle-accordion-title\"><strong>Devenir membre de l&rsquo;association<\/strong><\/p>\n<div class=\"wp-block-ub-content-toggle-accordion-toggle-wrap right\">\n<span class=\"wp-block-ub-content-toggle-accordion-state-indicator wp-block-ub-chevron-down open\"><\/span>\n                    <\/div>\n<\/div>\n<div class=\"wp-block-ub-content-toggle-accordion-content-wrap\">\n\n<p>Devenez membre de l&rsquo;association B\u00e2tir la Paix et contribuez \u00e0 son d\u00e9veloppement.<\/p>\n\n\n\n<p>La cotisation normale annuelle est de 15 euros.<br>Les mineurs, \u00e9tudiants ou demandeurs d&#8217;emploi b\u00e9n\u00e9ficient d&rsquo;une cotisation r\u00e9duite \u00e0 5 euros.<\/p>\n\n\n<div class=\"ub-buttons align-button-center wp-block-ub-button\" id=\"ub-button-0e602696-721b-491d-a721-81f71076bfd7\"><div class=\"ub-button-container\">\n    <a href=\"https:\/\/www.batir-la-paix.fr\/wp-content\/uploads\/2020\/11\/bulletin-adhesion-BLP.pdf\" target=\"_blank\" rel=\"noopener noreferrer nofollow\" class=\"ub-button-block-main ub-button-small ub-button-flex-small\">\n    <div class=\"ub-button-content-holder\">\n<span class=\"ub-button-block-btn\">T\u00e9l\u00e9charger le bulletin d&rsquo;adh\u00e9sion<\/span>\n    <\/div><\/a>\n<\/div><\/div>\n<\/div>\n<\/div>\n\n<div class=\"wp-block-ub-content-toggle-accordion wp-block-ub-content-toggle-panel-block\">\n                <div class=\"wp-block-ub-content-toggle-accordion-title-wrap\">\n                    <p class=\"wp-block-ub-content-toggle-accordion-title\"><strong>Parrainer l&rsquo;association<\/strong><\/p>\n<div class=\"wp-block-ub-content-toggle-accordion-toggle-wrap right\">\n<span class=\"wp-block-ub-content-toggle-accordion-state-indicator wp-block-ub-chevron-down\"><\/span>\n                    <\/div>\n<\/div>\n<div class=\"wp-block-ub-content-toggle-accordion-content-wrap ub-hide\">\n\n<p><strong>Association B\u00e2tir la Paix<\/strong><br>18, rue de Chaumont<br>60 270 Gouvieux<\/p>\n\n\n\n<p>T\u00e9l\u00e9phone : 03 44 57 17 43<\/p>\n\n\n\n<p>Pr\u00e9sidente de l\u2019association : Marie-Pierre Oudin \u2013 <a href=\"https:\/\/www.batir-la-paix.fr\/index.php\/contactez-nous\/\">Contactez-nous<\/a><\/p>\n\n<\/div>\n<\/div>\n\n<div class=\"wp-block-ub-content-toggle-accordion wp-block-ub-content-toggle-panel-block\">\n                <div class=\"wp-block-ub-content-toggle-accordion-title-wrap\">\n                    <p class=\"wp-block-ub-content-toggle-accordion-title\"><strong>Proposer un b\u00e9n\u00e9volat<\/strong><\/p>\n<div class=\"wp-block-ub-content-toggle-accordion-toggle-wrap right\">\n<span class=\"wp-block-ub-content-toggle-accordion-state-indicator wp-block-ub-chevron-down\"><\/span>\n                    <\/div>\n<\/div>\n<div class=\"wp-block-ub-content-toggle-accordion-content-wrap ub-hide\">\n\n<p><strong>Association B\u00e2tir la Paix<\/strong><br>18, rue de Chaumont<br>60 270 Gouvieux<\/p>\n\n\n\n<p>T\u00e9l\u00e9phone : 03 44 57 17 43<\/p>\n\n\n\n<p>Pr\u00e9sidente de l\u2019association : Marie-Pierre Oudin \u2013 <a href=\"https:\/\/www.batir-la-paix.fr\/index.php\/contactez-nous\/\">Contactez-nous<\/a><\/p>\n\n<\/div>\n<\/div>\n\n<div class=\"wp-block-ub-content-toggle-accordion wp-block-ub-content-toggle-panel-block\">\n                <div class=\"wp-block-ub-content-toggle-accordion-title-wrap\">\n                    <p class=\"wp-block-ub-content-toggle-accordion-title\"><strong>Proposer des initiatives culturelles, \u00e9ducatives, civiques, solidaires&#8230;<br><\/strong><\/p>\n<div class=\"wp-block-ub-content-toggle-accordion-toggle-wrap right\">\n<span class=\"wp-block-ub-content-toggle-accordion-state-indicator wp-block-ub-chevron-down\"><\/span>\n                    <\/div>\n<\/div>\n<div class=\"wp-block-ub-content-toggle-accordion-content-wrap ub-hide\">\n\n<p><strong>Association B\u00e2tir la Paix<\/strong><br>18, rue de Chaumont<br>60 270 Gouvieux<\/p>\n\n\n\n<p>T\u00e9l\u00e9phone : 03 44 57 17 43<\/p>\n\n\n\n<p>Pr\u00e9sidente de l\u2019association : Marie-Pierre Oudin \u2013 <a href=\"https:\/\/www.batir-la-paix.fr\/index.php\/contactez-nous\/\">Contactez-nous<\/a><\/p>\n\n<\/div>\n<\/div>\n\n<div class=\"wp-block-ub-content-toggle-accordion wp-block-ub-content-toggle-panel-block\">\n                <div class=\"wp-block-ub-content-toggle-accordion-title-wrap\">\n                    <p class=\"wp-block-ub-content-toggle-accordion-title\"><strong>Proposer un local pouvant abriter une Maison de la Paix<\/strong><\/p>\n<div class=\"wp-block-ub-content-toggle-accordion-toggle-wrap right\">\n<span class=\"wp-block-ub-content-toggle-accordion-state-indicator wp-block-ub-chevron-down\"><\/span>\n                    <\/div>\n<\/div>\n<div class=\"wp-block-ub-content-toggle-accordion-content-wrap ub-hide\">\n\n<p>Vous disposez ou avez connaissance d&rsquo;un local pouvant abriter une Maison de la Paix ?<\/p>\n\n\n\n<p><strong>Association B\u00e2tir la Paix<\/strong><br>18, rue de Chaumont<br>60 270 Gouvieux<\/p>\n\n\n\n<p>T\u00e9l\u00e9phone : 03 44 57 17 43<\/p>\n\n\n\n<p>Pr\u00e9sidente de l\u2019association : Marie-Pierre Oudin \u2013 <a href=\"https:\/\/www.batir-la-paix.fr\/index.php\/contactez-nous\/\" data-type=\"URL\" data-id=\"https:\/\/www.batir-la-paix.fr\/index.php\/contactez-nous\/\">Contactez-nous<\/a><\/p>\n\n<\/div>\n<\/div>\n<\/div>","protected":false},"excerpt":{"rendered":"<p>Plusieurs&nbsp;voies&nbsp;s&rsquo;offrent&nbsp;\u00e0&nbsp;vous&nbsp;pour soutenir l&rsquo;association&nbsp;B\u00e2tir&nbsp;la&nbsp;Paix et&nbsp;contribuer&nbsp;\u00e0 son d\u00e9veloppement.<\/p>\n","protected":false},"author":1,"featured_media":0,"parent":1295,"menu_order":0,"comment_status":"closed","ping_status":"closed","template":"","meta":{"ub_ctt_via":""},"featured_image_src":null,"uagb_featured_image_src":{"full":false,"thumbnail":false,"medium":false,"medium_large":false,"large":false,"1536x1536":false,"2048x2048":false,"ub-block-post-grid-landscape":false,"charity-care-donation-post":false,"charity-care-give":false,"benevolent-slider":false,"benevolent-community":false,"benevolent-blog":false,"benevolent-with-sidebar":false,"benevolent-without-sidebar":false,"benevolent-featured-post":false,"benevolent-recent-post":false,"benevolent-schema":false},"uagb_author_info":{"display_name":"B\u00e2tir la Paix","author_link":"https:\/\/www.batir-la-paix.fr\/index.php\/author\/admin6005\/"},"uagb_comment_info":0,"uagb_excerpt":"Plusieurs&nbsp;voies&nbsp;s&rsquo;offrent&nbsp;\u00e0&nbsp;vous&nbsp;pour soutenir l&rsquo;association&nbsp;B\u00e2tir&nbsp;la&nbsp;Paix et&nbsp;contribuer&nbsp;\u00e0 son d\u00e9veloppement.","_links":{"self":[{"href":"https:\/\/www.batir-la-paix.fr\/index.php\/wp-json\/wp\/v2\/pages\/1349"}],"collection":[{"href":"https:\/\/www.batir-la-paix.fr\/index.php\/wp-json\/wp\/v2\/pages"}],"about":[{"href":"https:\/\/www.batir-la-paix.fr\/index.php\/wp-json\/wp\/v2\/types\/page"}],"author":[{"embeddable":true,"href":"https:\/\/www.batir-la-paix.fr\/index.php\/wp-json\/wp\/v2\/users\/1"}],"replies":[{"embeddable":true,"href":"https:\/\/www.batir-la-paix.fr\/index.php\/wp-json\/wp\/v2\/comments?post=1349"}],"version-history":[{"count":26,"href":"https:\/\/www.batir-la-paix.fr\/index.php\/wp-json\/wp\/v2\/pages\/1349\/revisions"}],"predecessor-version":[{"id":1888,"href":"https:\/\/www.batir-la-paix.fr\/index.php\/wp-json\/wp\/v2\/pages\/1349\/revisions\/1888"}],"up":[{"embeddable":true,"href":"https:\/\/www.batir-la-paix.fr\/index.php\/wp-json\/wp\/v2\/pages\/1295"}],"wp:attachment":[{"href":"https:\/\/www.batir-la-paix.fr\/index.php\/wp-json\/wp\/v2\/media?parent=1349"}],"curies":[{"name":"wp","href":"https:\/\/api.w.org\/{rel}","templated":true}]}}

<p><strong>Plusieurs&nbsp;voies&nbsp;s&rsquo;offrent&nbsp;à&nbsp;vous&nbsp;pour soutenir l&rsquo;association&nbsp;Bâtir&nbsp;la&nbsp;Paix et&nbsp;contribuer&nbsp;à son développement.</strong></p>


<div class="wp-block-ub-content-toggle wp-block-ub-content-toggle-block" id="ub-content-toggle-d4ef552c-42f8-4269-9b68-50cbea313b51" data-showonlyone="true">
<div class="wp-block-ub-content-toggle-accordion wp-block-ub-content-toggle-panel-block">
                <div class="wp-block-ub-content-toggle-accordion-title-wrap">
                    <p class="wp-block-ub-content-toggle-accordion-title"><strong>Devenir membre de l&rsquo;association</strong></p>
<div class="wp-block-ub-content-toggle-accordion-toggle-wrap right">
<span class="wp-block-ub-content-toggle-accordion-state-indicator wp-block-ub-chevron-down open"></span>
                    </div>
</div>
<div class="wp-block-ub-content-toggle-accordion-content-wrap">

<p>Devenez membre de l&rsquo;association Bâtir la Paix et contribuez à son développement.</p>



<p>La cotisation normale annuelle est de 15 euros.<br>Les mineurs, étudiants ou demandeurs d&#8217;emploi bénéficient d&rsquo;une cotisation réduite à 5 euros.</p>


<div class="ub-buttons align-button-center wp-block-ub-button" id="ub-button-0e602696-721b-491d-a721-81f71076bfd7"><div class="ub-button-container">
    <a href="https://www.batir-la-paix.fr/wp-content/uploads/2020/11/bulletin-adhesion-BLP.pdf" target="_blank" rel="noopener noreferrer nofollow" class="ub-button-block-main ub-button-small ub-button-flex-small">
    <div class="ub-button-content-holder">
<span class="ub-button-block-btn">Télécharger le bulletin d&rsquo;adhésion</span>
    </div></a>
</div></div>
</div>
</div>

<div class="wp-block-ub-content-toggle-accordion wp-block-ub-content-toggle-panel-block">
                <div class="wp-block-ub-content-toggle-accordion-title-wrap">
                    <p class="wp-block-ub-content-toggle-accordion-title"><strong>Parrainer l&rsquo;association</strong></p>
<div class="wp-block-ub-content-toggle-accordion-toggle-wrap right">
<span class="wp-block-ub-content-toggle-accordion-state-indicator wp-block-ub-chevron-down"></span>
                    </div>
</div>
<div class="wp-block-ub-content-toggle-accordion-content-wrap ub-hide">

<p><strong>Association Bâtir la Paix</strong><br>18, rue de Chaumont<br>60 270 Gouvieux</p>



<p>Téléphone : 03 44 57 17 43</p>



<p>Présidente de l’association : Marie-Pierre Oudin – <a href="https://www.batir-la-paix.fr/index.php/contactez-nous/">Contactez-nous</a></p>

</div>
</div>

<div class="wp-block-ub-content-toggle-accordion wp-block-ub-content-toggle-panel-block">
                <div class="wp-block-ub-content-toggle-accordion-title-wrap">
                    <p class="wp-block-ub-content-toggle-accordion-title"><strong>Proposer un bénévolat</strong></p>
<div class="wp-block-ub-content-toggle-accordion-toggle-wrap right">
<span class="wp-block-ub-content-toggle-accordion-state-indicator wp-block-ub-chevron-down"></span>
                    </div>
</div>
<div class="wp-block-ub-content-toggle-accordion-content-wrap ub-hide">

<p><strong>Association Bâtir la Paix</strong><br>18, rue de Chaumont<br>60 270 Gouvieux</p>



<p>Téléphone : 03 44 57 17 43</p>



<p>Présidente de l’association : Marie-Pierre Oudin – <a href="https://www.batir-la-paix.fr/index.php/contactez-nous/">Contactez-nous</a></p>

</div>
</div>

<div class="wp-block-ub-content-toggle-accordion wp-block-ub-content-toggle-panel-block">
                <div class="wp-block-ub-content-toggle-accordion-title-wrap">
                    <p class="wp-block-ub-content-toggle-accordion-title"><strong>Proposer des initiatives culturelles, éducatives, civiques, solidaires&#8230;<br></strong></p>
<div class="wp-block-ub-content-toggle-accordion-toggle-wrap right">
<span class="wp-block-ub-content-toggle-accordion-state-indicator wp-block-ub-chevron-down"></span>
                    </div>
</div>
<div class="wp-block-ub-content-toggle-accordion-content-wrap ub-hide">

<p><strong>Association Bâtir la Paix</strong><br>18, rue de Chaumont<br>60 270 Gouvieux</p>



<p>Téléphone : 03 44 57 17 43</p>



<p>Présidente de l’association : Marie-Pierre Oudin – <a href="https://www.batir-la-paix.fr/index.php/contactez-nous/">Contactez-nous</a></p>

</div>
</div>

<div class="wp-block-ub-content-toggle-accordion wp-block-ub-content-toggle-panel-block">
                <div class="wp-block-ub-content-toggle-accordion-title-wrap">
                    <p class="wp-block-ub-content-toggle-accordion-title"><strong>Proposer un local pouvant abriter une Maison de la Paix</strong></p>
<div class="wp-block-ub-content-toggle-accordion-toggle-wrap right">
<span class="wp-block-ub-content-toggle-accordion-state-indicator wp-block-ub-chevron-down"></span>
                    </div>
</div>
<div class="wp-block-ub-content-toggle-accordion-content-wrap ub-hide">

<p>Vous disposez ou avez connaissance d&rsquo;un local pouvant abriter une Maison de la Paix ?</p>



<p><strong>Association Bâtir la Paix</strong><br>18, rue de Chaumont<br>60 270 Gouvieux</p>



<p>Téléphone : 03 44 57 17 43</p>



<p>Présidente de l’association : Marie-Pierre Oudin – <a href="https://www.batir-la-paix.fr/index.php/contactez-nous/" data-type="URL" data-id="https://www.batir-la-paix.fr/index.php/contactez-nous/">Contactez-nous</a></p>

</div>
</div>
</div>

<p>Plusieurs&nbsp;voies&nbsp;s&rsquo;offrent&nbsp;à&nbsp;vous&nbsp;pour soutenir l&rsquo;association&nbsp;Bâtir&nbsp;la&nbsp;Paix et&nbsp;contribuer&nbsp;à son développement.</p>

Bâtir la Paix

Plusieurs&nbsp;voies&nbsp;s&rsquo;offrent&nbsp;à&nbsp;vous&nbsp;pour soutenir l&rsquo;association&nbsp;Bâtir&nbsp;la&nbsp;Paix et&nbsp;contribuer&nbsp;à son développement.
